isor of x and 21?
21
Let p be 189*(-2)/(-3) + 0. Calculate the highest common divisor of 6 and p.
6
Let g = -15 - -27. Suppose 5*f = 4*a + 158, -5*f + 7*a + 156 = 4*a. What is the highest common divisor of g and f?
6
Let i = 115 - 50. Let j = i - 41. Suppose 0 = -3*q + 2*m + 38, -2*q - 6*m + 52 = -2*m. What is the highest common divisor of q and j?
8
Let u be (-8)/28 - 114/(-7). Calculate the greatest common divisor of u and 16.
16
Let x(u) = u - 1. Let m be x(5). Let a = m - 1. What is the highest common divisor of 27 and a?
3
Suppose -6*u + 4*u + 74 = -4*s, 4*s = 4. What is the highest common divisor of u and 26?
13
Suppose -3*t - 5*s + 36 = 0, 60 = 5*t - 3*s - 2*s. Suppose 0 = 2*l - 4*z + 18, -2*z - 4 + 8 = 0. Let b = 17 + l. What is the greatest common divisor of t and b?
12
Let y = -19 - -61. Calculate the greatest common divisor of y and 28.
14
Let o be -21*(-12)/(-27)*-3. What is the highest common divisor of o and 7?
7
Let n(q) = 3*q + 5. Let c be n(7). Calculate the greatest common divisor of c and 13.
13
Let z = 257 + -140. Let i = z - 40. What is the highest common divisor of 11 and i?
11
Suppose c = 4, 4*j - 4*c - 64 - 28 = 0. Calculate the greatest common divisor of 27 and j.
27
Let d(s) = -s**2 + 46. Let a be d(0). Suppose a = -5*t + 131. Calculate the greatest common divisor of 34 and t.
17
Let a = -3 - -75. Calculate the highest common divisor of 48 and a.
24
Let h(b) = -b**2 + 8*b - 2. Let u be h(6). What is the highest common factor of u and 4?
2
Suppose 90 = 38*l - 33*l. What is the greatest common factor of 162 and l?
18
Suppose -135 = -2*p - 3*p. What is the greatest common factor of 3 and p?
3
Let u(d) = d**3 + 9*d**2 - 4*d - 3. Let j be u(-4). Calculate the greatest common divisor of 3 and j.
3
Let t = 161 - 13. Suppose 3*c = 2*q + t, -3*q + 167 = 4*c - 19. Calculate the greatest common factor of 32 and c.
16
Suppose -3*x + y + 45 = 0, -3*x + 5*y = x - 60. Calculate the highest common factor of 165 and x.
15
Let f = 113 + -41. What is the highest common factor of 48 and f?
24
Suppose -5*d + 50 = -65. Suppose 2*p - 42 = -2*t, 5*t - 81 + 22 = -3*p. Calculate the highest common divisor of d and p.
23
Let h be 4 + -4*1 + 2. Suppose 3*u = -h*u + 405. What is the highest common divisor of u and 9?
9
Let j(z) = 2*z**2 + z - 2. Let w be j(2). Suppose -130 - 10 = -7*i. What is the greatest common divisor of i and w?
4
Let m be (3/9)/(1/9). Suppose -4*q - 3*f = -538, -m*q + 258 + 160 = -5*f. Let c(s) = s - 6. Let b be c(23). What is the highest common factor of b and q?
17
Let l = 12 - 7. Suppose 0 = 5*m + l*k + 55, 5*m - k - 20 + 75 = 0. Let v be (-174)/m - (-8)/44. Calculate the highest common divisor of v and 64.
16
Suppose -5*z = -3*y - 231, -3*z + 4*y + 62 + 81 = 0. Calculate the highest common divisor of z and 5.
5
Let k = 29 + -13. Suppose -k = 5*c - 1, 0 = -3*d + 3*c + 57. What is the greatest common divisor of 24 and d?
8
Let a = -3 - -8. Suppose a - 2 = n. Calculate the greatest common divisor of 15 and n.
3
Suppose -v + 59 - 5 = -2*m, -4*m = v - 36. What is the highest common factor of 6 and v?
6
Let c(k) = -13*k**3 - 3*k**2 - 2*k - 1. Let o be c(-2). What is the greatest common divisor of o and 19?
19
Let b be 0/(0 - -2) - -2. Suppose -b*j + 0*j = r - 9, -3*j - 9 = -3*r. What is the highest common divisor of 6 and j?
2
Let y = -1 - -10. Suppose 4*q = 4*f + 6 - 26, -10 = -5*f. Let s be -6*(-2)/(q + 7). Calculate the highest common factor of y and s.
3
Suppose 0 = -4*n + 607 + 405. Calculate the greatest common divisor of 23 and n.
23
Suppose 10 = -4*u - 2. Let p = 0 - u. Suppose z - 1 - 5 = 5*v, -p*v + 24 = 4*z. Calculate the greatest common divisor of z and 6.
6
Let m(u) = u**3 - 8*u**2 - 9*u + 3. Let r be m(9). Suppose r*v - 2*v - s = 34, -106 = -3*v + 5*s. Calculate the highest common divisor of 16 and v.
16
Suppose -5*p + 184 = -101. What is the greatest common divisor of 76 and p?
19
Let o = 0 + 2. Let h = 3 + o. Suppose -c = -h*c + 72. What is the highest common factor of c and 54?
18
Suppose -6*d + 34 = -5*d. Calculate the greatest common factor of 51 and d.
17
Let m = -36 - -18. Let j = m + 27. What is the greatest common factor of j and 9?
9
Let h be (-2 - -4 - 0)/1. Let g be (h/(-2))/(3/(-66)). Calculate the highest common divisor of 154 and g.
22
Let o be (-3)/(-15 - -3) - (-472)/32. Calculate the greatest common divisor of 5 and o.
5
Let v(n) = -3*n**3 + 2*n + 1. Let d be v(-2). Let h(l) = l**3 + 9*l**2 + 18*l + 14. Let y be h(-6). What is the greatest common factor of d and y?
7
Suppose -5*i + 495 = o, 3*o - 146 = -i - 47. Let w = i - 66. Suppose 5 = 3*d - 4. What is the highest common divisor of d and w?
3
Suppose -5*u + 5*g = -1210, 4*u - 79 = -g + 894. Let l = -145 + u. Calculate the highest common factor of 14 and l.
14
Suppose -5*f = 5*t + 125, -f + 3*f + t = -45. Let w be ((-3)/(-6))/((-2)/f). Suppose w*r - 4*r - 6 = 0. What is the greatest common divisor of r and 42?
6
Suppose -48 - 4 = -2*f. Suppose 2*g = -5*j + 5*g + 659, 0 = -2*j + 5*g + 275. Calculate the highest common divisor of j and f.
26
Let t = -5 - -4. Let a be (-447)/t - (-1)/1. Suppose 2*o = 4*p - a, -2*o = -0*p + 2*p - 224. Calculate the highest common factor of p and 14.
14
Let g = 9 + -18. Let u be (-228)/g - (-2)/3. Calculate the greatest common factor of 65 and u.
13
Suppose -42 = -2*x - t, 0*t + 43 = x - 5*t. What is the highest common factor of x and 184?
23
Let c(i) = -13*i**2 - i - 1. Let m be c(-1). Let v = -7 - m. Calculate the highest common factor of 4 and v.
2
Suppose 0*i = -l - i + 10, -2*i - 10 = -4*l. Let h be 5*(13/l)/1. Calculate the highest common divisor of h and 65.
13
Let t = 4 - -5. Let v(h) = -h**3 + 3*h**2 + 7*h - 12. Let w be v(3). What is the highest common divisor of t and w?
9
Suppose -4*d - 4*y + 28 = 0, y = 2 + 1. Suppose 0 = q + f + f - 101, 0 = d*q - 5*f - 430. What is the greatest common divisor of 42 and q?
21
Let b = 19 - 10. Calculate the greatest common factor of b and 9.
9
Let u(b) = 2*b - 12. Let s be u(8). Let a = -9 - -15. What is the highest common divisor of s and a?
2
Let f(n) = -11*n**3 - 2*n**2 - n + 1. Let j be f(-1). What is the greatest common factor of 88 and j?
11
Let p(d) = d - 7. Let n be p(17). What is the highest common factor of 230 and n?
10
Let j be 387/12 - (-4)/(-16). Suppose -2*y + 2 + 6 = 0. What is the highest common divisor of y and j?
4
Suppose 4*u = -w + 6, -5*w + 6*u + 7 = 3*u. Suppose 4*y = 2*y + w, 0 = t - 4*y + 2. What is the greatest common factor of t and 14?
2
Suppose 5*z + 0*i = 2*i + 274, -3*z + 177 = 3*i. Calculate the greatest common divisor of 140 and z.
28
Let l(p) = 7*p + 6*p - 8*p - 2. Let s be l(3). What is the greatest common factor of 26 and s?
13
Suppose 0 = 3*t + 2*a - 44 - 46, 0 = -5*t - 4*a + 152. Let b be (-8)/(3 + 340/(-112)). Calculate the greatest common divisor of t and b.
28
Let l be (-2)/(1 - (-28)/(-20)). Calculate the greatest common factor of 30 and l.
5
Let p be (-2)/((18/123)/(-3)). Suppose -5*u = -101 + p. Calculate the highest common divisor of 6 and u.
6
Let o be 2 + 0 + 2/2. Let v = 7 - o. Let i be v*(1 + 0) - 0. Calculate the highest common factor of 44 and i.
4
Suppose -5*k = -3 - 7. Calculate the highest common factor of 10 and k.
2
Suppose 12 + 6 = 2*g. Let s(m) = 4*m - 3. Let f be s(g). What is the highest common factor of 22 and f?
11
Let l be ((-54)/(-8))/((-11)/(-132)). What is the highest common divisor of l and 27?
27
Let b(r) = -r**2 - r + 2. Let f be b(0). Let q(d) = 2*d**2 + 3*d - 5. Let o be q(f). What is the greatest common divisor of o and 9?
9
Let t be (-3 - 1/(-1)) + 5. Suppose -2*p = -7*p + 5*w + 5, -34 = -4*p - 2*w. What is the greatest common divisor of p and t?
3
Suppose -4*v + 300 = v. What is the highest common factor of v and 12?
12
Let o(k) = k**3 - 7*k**2 + 7*k. Let l be o(6). Let a(j) = -3*j**3 - 3*j**2 - 4*j - 2. Let y be a(-2). What is the greatest common divisor of l and y?
6
Let z = 240 - 171. Let d = 111 - z. What is the greatest common divisor of d and 6?
6
Suppose -5*q + 78 = -3*q + 4*v, -3*q + 132 = 3*v. What is the highest common factor of 7 and q?
7
Suppose y = -4*j + 2*y + 27, 5*j - 33 = y. Suppose 0*u = -5*u. Suppose u = -4*m - 0*m + 48. What is the greatest common divisor of m and j?
6
Le